(q) = q - 3. Let j be u(6). Let m = 38 + -33. Suppose -j*f = -m*f + 6. What is the units digit of f?
3
Let p = 146 - 65. What is the units digit of p?
1
Suppose -2*q + 12 = 3*x, 2*x + 2*x = -q + 16. Let b = q - -3. What is the units digit of b?
3
Let g(j) = j - 8. Let h be g(8). Let m(u) = u + 9. What is the units digit of m(h)?
9
Let v be (-1 - -2)*-2 - 0. What is the tens digit of 12 + 0/(2/v)?
1
Let v be (-2)/(-4) + (-5)/(-2). What is the units digit of 4/v - 4/(-6)?
2
Let k be (0 - 7)*18/(-9). Suppose 5 + 51 = 4*u - 3*n, u - 5*n = k. What is the tens digit of u?
1
Suppose -b = 4 + 2. Let r = 13 + b. What is the units digit of r?
7
Let z(m) = 3*m**2 + 19*m. What is the units digit of z(-13)?
0
Suppose -5*y = -2*v + 67 + 201, 4*v = -2*y + 536. What is the units digit of v?
4
Let h(k) = k**3 - 4*k**2 - 3*k - 2. Let c = 3 + 4. Let a be -1*(2 - c)/1. What is the units digit of h(a)?
8
Let a = 229 - 86. What is the tens digit of a?
4
Suppose 3*n = r + 6, 0 = -5*r - 4*n - n + 10. Let j(s) = -s**3 + s + 12. Let u be j(r). Suppose -2*c + u = c. What is the units digit of c?
4
Suppose 4*x - 1 - 7 = 0. Let a(r) = 4*r**2 - 3 + 2*r - 3*r**x + r. What is the units digit of a(-4)?
1
Let m = 29 - 10. Let w = -2 - -29. Let r = w - m. What is the units digit of r?
8
Let q be 3 + -1*2 + -1. Suppose 2*p = -3*p + 5*u + 25, 5*u + 15 = q. Suppose -w = -p*w + 3. What is the units digit of w?
3
Let s(l) = -2*l - 10. Let r be s(-7). Suppose r*m + 3*q = 11, 2*q + 5 = 4*m - q. What is the units digit of m?
2
Let k(f) be the first derivative of -f**3/3 + 2*f**2 + 1. Let u be k(3). Suppose -5*t = c + 11, 3*t = 2*c - u*c - 5. What is the units digit of c?
4
Suppose 0 = -i - i - 8. Let w = 14 - i. Suppose 4*s - p = 2*p + w, -3*s + 8 = -5*p. What is the units digit of s?
6
Let u = -21 - -17. What is the units digit of ((-2)/u)/(4/104)?
3
Let q(t) = t**2 - 7*t + 7. Suppose -2*k = 2*f - 20, -5 = 2*k - 2*f - f. Let i be q(k). Let y = 10 + i. What is the units digit of y?
7
What is the tens digit of (10 - 5)*(-124)/(-10)?
6
Let f(c) = 4*c + c + 6 - 4*c + c**2 - 2*c. What is the units digit of f(3)?
2
Let c(i) = i**2 + 9*i + 11. Let k(y) = -y**3. Let v be k(2). What is the units digit of c(v)?
3
Suppose 0 = 5*u - 0*m - 3*m - 9, -15 = 5*m. Let t(d) be the first derivative of d**2/2 + d + 1. What is the units digit of t(u)?
1
Let x(v) = v**2 - 6*v + 2. Let b be x(6). Suppose 30 = b*f + 10. What is the tens digit of f?
1
Let l = 376 - 233. Let g = l - 82. Suppose -4*o = -4*s + o + 80, -3*s + 4*o + g = 0. What is the units digit of s?
5
Suppose h - 21 = 17. Suppose -5 + 1 = 4*z, 3*v + z - h = 0. Suppose -27 = -5*i - 2*u, 0*i = 3*i + 2*u - v. What is the units digit of i?
7
Let z = 85 - 31. What is the units digit of z?
4
Let n(q) = q**2 - 2*q**2 + 11*q + 0*q - 5 - 1. What is the tens digit of n(5)?
2
Let z(s) = s**2 - 1. Let u be z(1). Let o be u + 1 + -1 + 0. Suppose o*r = -5*r + 10. What is the units digit of r?
2
Let p = 7 - -18. What is the tens digit of p?
2
Suppose 3*u + 218 = 5*j - 71, -4*u = -5*j + 392. Let h = -73 - u. What is the units digit of h?
0
Let t be 8/3 + 2/(-3). Let o(s) = s**2 - s - 2. Let j be o(t). Suppose -2*l + 20 - 2 = j. What is the units digit of l?
9
Let q = -75 - -183. Suppose 30 = -3*b + q. Suppose 5*m - 9 - b = 0. What is the units digit of m?
7
Suppose -2*s + 8 = -r, -3*r - r + 23 = 3*s. Suppose -k = -4*j + s, 2 = 3*j - 2*k - 3. What is the units digit of j?
1
Let g = 25 - 16. Let l be g/4 - 9/(-12). Let s(a) = a**2 + a - 3. What is the units digit of s(l)?
9
Suppose 0 = 4*f + 49 - 329. What is the tens digit of f?
7
Suppose 2*a = a - 3. Let i = a - -4. What is the units digit of 5 - 1/(i/1)?
4
Let a = 55 - 14. What is the tens digit of a?
4
Suppose 0 = -4*j - 4, 5*b - 3*j - 208 = 265. What is the units digit of b?
4
Suppose 5*w = 7*w - 66. What is the tens digit of w?
3
Let m = 1 - -4. Suppose -o + 20 = -m*d, -3*o + o - 4*d = 30. What is the units digit of (9/15)/((-1)/o)?
3
Let q be 0 - -4 - (-2)/2. Suppose 2*u - q*u = -129. What is the units digit of u?
3
Let w(u) be the first derivative of -1/3*u**3 - 7/2*u**2 + 2*u - 1. What is the units digit of w(-5)?
2
Let m(l) = l**2 + 7*l + 14. What is the units digit of m(-5)?
4
Suppose 2 = r + 5. Let h(a) = 2*a**2 + 2*a - 4. What is the units digit of h(r)?
8
Suppose -2*u + 3 = -u. Let l = 7 + 8. Suppose 0*z - 35 = -u*m - 4*z, -4*m + l = -z. What is the units digit of m?
5
Let k = -465 - -273. What is the tens digit of k/(-40)*40/6?
3
Suppose -3*b + 0*g = -2*g - 21, -4*g + 30 = 2*b. What is the tens digit of (b - (-1)/1) + 0?
1
Let n be -2*(-1 - 2)/3. Suppose -z - 3*z = -r - 24, -23 = n*r - 3*z. Let w(j) = -j**3 - 5*j**2 - 5*j + 3. What is the units digit of w(r)?
7
Suppose -y + 5 + 6 = 0. Let v(s) = -2*s - 2. Let c be v(2). Let i = y + c. What is the units digit of i?
5
Let d be 2/4 + (-27)/(-6). Suppose 4 + 3 = l. Let b = l - d. What is the units digit of b?
2
Suppose 17*a - 21*a + 704 = 0. What is the units digit of a?
6
Suppose -30 - 25 = 5*c. Let i = -5 - c. Suppose 0*v = 3*v - i. What is the units digit of v?
2
Let c be 770/28*(-12)/5. What is the tens digit of (c/8)/(2/(-8))?
3
Suppose -4*m + 24 = 4*r, -16 + 3 = 2*r - 3*m. Let s = r - 2. What is the units digit of ((s + 5)*2)/1?
8
Suppose 0 = 2*y - 14 + 2. Let x = 12 - y. What is the units digit of x?
6
Suppose -10 = 2*h - 26. Let v = -6 + h. What is the units digit of v?
2
What is the tens digit of (160/(-12))/(5/(-30))?
8
Let g be (5/(-5))/(1/(-5)). Suppose -5 - g = -2*x. Suppose -2*h = -x*h + 33. What is the tens digit of h?
1
Let t(g) = g**3 + g**2 + g - 1. Let s be t(1). Suppose 0 = -4*n + s*u + 60 - 0, 5*n - 3*u = 75. What is the units digit of n?
5
Let j(u) = 2*u**2 - 4*u + 19. What is the hundreds digit of j(8)?
1
Suppose 0*u + 5 = -u, 0 = -4*l - 3*u + 185. Suppose -c + 14 = 3*m, -2*m = 5*c + 3*m - l. What is the units digit of c?
8
Let y be 1 + (1/(-1) - -61). Suppose 4*k = -19 - y. What is the units digit of (16/10 + -2)*k?
8
What is the units digit of (-1)/3 + (-98)/(-6)?
6
Let y(w) = -w**3 + 8*w**2 - 4*w + 4. Let c be y(7). Let j = c - 17. Suppose j - 40 = -4*i. What is the units digit of i?
8
Let b = -8 - -9. Let g be (8/6)/(2/3). Let i = g + b. What is the units digit of i?
3
Suppose 0 = q - 3*t - 136, -q + 3*t = -t - 141. What is the units digit of q?
1
Let z(u) = -u**3 + 6*u**2 + 6*u + 10. Let t = 0 - -9. Suppose -5*l + 3*d = -35, -l - d + t = 2. What is the units digit of z(l)?
3
Let m = -5 + 66. What is the tens digit of m?
6
Suppose 0*t + 3*k - 147 = -2*t, 5*k = -5*t + 370. What is the units digit of t?
5
Let f = 9 - 5. Suppose -b - 3*o = -0 - 2, 0 = -2*b + f*o + 14. Suppose -c + 7 = -b. What is the units digit of c?
2
What is the tens digit of (3 - 4)/((-3)/69)?
2
What is the units digit of 3/2*(-676)/(-39)?
6
Let u(d) = -d**3 + d**2 + 2*d + 1. Let i be (-2 - 8/(-3))*-3. What is the units digit of u(i)?
9
Let t be (42/3)/((-4)/(-2)). Suppose 2 = -v - i + t, -29 = -5*v - i. Let r = 8 + v. What is the units digit of r?
4
Suppose -7*o = -2*o. Suppose -5*g + 9*g - 28 = o. Let d = 11 - g. What is the units digit of d?
4
Let d(n) = n**3 + 10*n**2 + 11*n - 5. Let y be d(-8). Suppose 0*p = 5*p - y. What is the units digit of p?
7
Suppose 2*d - 147 = -d - 2*m, 99 = 2*d + m. What is the units digit of d?
1
Suppose 2*l + l + 3 = g, 5*g = 4*l + 15. Suppose l*q + q = 10. What is the units digit of q?
0
What is the units digit of (19*-1)/(-11 + 10)?
9
Suppose 4 = 2*c - 4*c - 5*v, -4*c = -3*v - 18. Let f be 1/(-1) + (5 - 2). Let i = c - f. What is the units digit of i?
1
Suppose 5*z = 4*p + 179, -45 = 4*z - 5*p - 181. Let f = -18 + z. What is the tens digit of f?
2
Let p(d) = -d**3 + 5*d**2 - 4*d + 1. Let q be p(4). What is the tens digit of (q + -3)*1 + 26?
2
Suppose -r + 4*r - 6 = 0. Suppose 4*y + 0*n - 78 = 2*n, y = r*n + 21. Suppose 0 = -5*z + 16 + y. What is the units digit of z?
7
Suppose 3*g - 33 = 3. Let q = -7 + g. What is the units digit of q?
5
Let n(o) = o - 6. Let s be n(5). Let g(t) = t + 1. Let m be g(s). Let j = m - -10. What is the units digit of j?
0
Let o(q) = -3*q + 3 - 4*q**2 + q**2 + 0*q**2 + 4*q**2. What is the units digit of o(3)?
3
Let r(j) = -18*j**3 + j + 1. Let t be r(-1). Suppose 3*h + 0*h = -t. Let x(n) = n